{"id":1803,"date":"2020-03-26T10:32:20","date_gmt":"2020-03-26T09:32:20","guid":{"rendered":"http:\/\/sylviepiresdarocha.fr\/WordPress\/?page_id=1803"},"modified":"2020-03-26T10:44:46","modified_gmt":"2020-03-26T09:44:46","slug":"certains-matins","status":"publish","type":"page","link":"https:\/\/sylviapiresdarocha.fr\/?page_id=1803","title":{"rendered":"Certains matins"},"content":{"rendered":"\n<p>Certains matin tu te pointais,<br>sans pr\u00e9venir.<br><br>Tel un chat, tu rentrais sans bruits.<\/p>\n\n\n\n<p>Nous ne savions jamais \u00e0 quelle heure tu arrivais.<\/p>\n\n\n\n<p>Seul indice, la hauteur du caf\u00e9 dans ton bol.<\/p>\n\n\n\n<p>Tu te pontais l\u00e0,<br>sans parler.<\/p>\n\n\n\n<p>Les deux mains tremblotantes cramponn\u00e9es \u00e0 la table, <br>tu prenais place.<\/p>\n\n\n\n<p>Comme au cin\u00e9ma tu t&rsquo;installais devant le g\u00e9n\u00e9rique de nos matins.<\/p>\n\n\n\n<p>L&rsquo;escalier est le centre de ton attention,<br>il grince, <br>il sursaute,<br>il g\u00e9mit,<br>il tr\u00e9pigne<br>il tangue<\/p>\n\n\n\n<p>Certains matins  plus que d&rsquo;autres.<br><br>Aujourd&rsquo;hui <\/p>\n\n\n\n<p>Elle s&rsquo;appelait <\/p>\n\n\n\n<p><br><\/p>\n\n\n\n<p><\/p>\n\n\n\n<p><\/p>\n","protected":false},"excerpt":{"rendered":"<p>Certains matin tu te pointais,sans pr\u00e9venir. Tel un chat, tu rentrais sans bruits. Nous ne savions jamais \u00e0 quelle heure tu arrivais. Seul indice, la hauteur du caf\u00e9 dans ton bol. Tu te pontais l\u00e0,sans parler. Les deux mains tremblotantes cramponn\u00e9es \u00e0 la table, tu prenais place. Comme au cin\u00e9ma tu t&rsquo;installais devant le g\u00e9n\u00e9rique &hellip; <\/p>\n","protected":false},"author":1,"featured_media":0,"parent":0,"menu_order":0,"comment_status":"closed","ping_status":"closed","template":"","meta":{"two_page_speed":[],"_joinchat":[],"footnotes":""},"class_list":["post-1803","page","type-page","status-publish","hentry"],"_links":{"self":[{"href":"https:\/\/sylviapiresdarocha.fr\/index.php?rest_route=\/wp\/v2\/pages\/1803","targetHints":{"allow":["GET"]}}],"collection":[{"href":"https:\/\/sylviapiresdarocha.fr\/index.php?rest_route=\/wp\/v2\/pages"}],"about":[{"href":"https:\/\/sylviapiresdarocha.fr\/index.php?rest_route=\/wp\/v2\/types\/page"}],"author":[{"embeddable":true,"href":"https:\/\/sylviapiresdarocha.fr\/index.php?rest_route=\/wp\/v2\/users\/1"}],"replies":[{"embeddable":true,"href":"https:\/\/sylviapiresdarocha.fr\/index.php?rest_route=%2Fwp%2Fv2%2Fcomments&post=1803"}],"version-history":[{"count":2,"href":"https:\/\/sylviapiresdarocha.fr\/index.php?rest_route=\/wp\/v2\/pages\/1803\/revisions"}],"predecessor-version":[{"id":1807,"href":"https:\/\/sylviapiresdarocha.fr\/index.php?rest_route=\/wp\/v2\/pages\/1803\/revisions\/1807"}],"wp:attachment":[{"href":"https:\/\/sylviapiresdarocha.fr\/index.php?rest_route=%2Fwp%2Fv2%2Fmedia&parent=1803"}],"curies":[{"name":"wp","href":"https:\/\/api.w.org\/{rel}","templated":true}]}}