{"id":3179,"date":"2021-08-24T15:27:16","date_gmt":"2021-08-24T14:27:16","guid":{"rendered":"http:\/\/sylviepiresdarocha.fr\/WordPress\/?page_id=3179"},"modified":"2023-03-29T21:09:54","modified_gmt":"2023-03-29T20:09:54","slug":"demarche-artistique","status":"publish","type":"page","link":"https:\/\/sylviapiresdarocha.fr\/?page_id=3179","title":{"rendered":"D\u00e9marche artistique"},"content":{"rendered":"\n<p><\/p>\n\n\n\n<p><\/p>\n\n\n\n<p><\/p>\n\n\n\n<p>Anim\u00e9e par cette qu\u00eate de g\u00e9n\u00e9rer des transformation dans nos environnement sociaux. Je cr\u00e9\u00e9 des formes artistiques mettant en exergue le <strong>\u201cpouvoir de la rencontre\u201d<\/strong> et les conditions favorisant sa cr\u00e9ation.<\/p>\n\n\n\n<p>Utilisant <strong>\u00ab\u00a0l&rsquo;invitation\u00a0\u00bb <\/strong>j&rsquo;explore de nouvelles formes de dialogue et de relation artistique avec le spect-acteurs<\/p>\n\n\n\n<p>Ainsi, \u00e0 travers des formes artistiques comme la \u00ab\u00a0figure d&rsquo;invitation\u00a0\u00bb, la collecte de parole, la distribution de fortune cookies, des sculptures p\u00e9n\u00e9trables je tente de construire par le prisme de l&rsquo;art des espaces d&rsquo;interaction sociaux, des points de rencontres, de contact et d\u2019\u00e9changes.<\/p>\n\n\n\n<p>Pour inventer de nouvelles formes de langages de rapport au monde fond\u00e9 sur la r\u00e9ciprocit\u00e9; la convivialit\u00e9 et l\u2019hospitalit\u00e9. <\/p>\n","protected":false},"excerpt":{"rendered":"<p>Anim\u00e9e par cette qu\u00eate de g\u00e9n\u00e9rer des transformation dans nos environnement sociaux. Je cr\u00e9\u00e9 des formes artistiques mettant en exergue le \u201cpouvoir de la rencontre\u201d et les conditions favorisant sa cr\u00e9ation. Utilisant \u00ab\u00a0l&rsquo;invitation\u00a0\u00bb j&rsquo;explore de nouvelles formes de dialogue et de relation artistique avec le spect-acteurs Ainsi, \u00e0 travers des formes artistiques comme la \u00ab\u00a0figure &hellip; <\/p>\n","protected":false},"author":1,"featured_media":0,"parent":0,"menu_order":0,"comment_status":"closed","ping_status":"closed","template":"","meta":{"two_page_speed":[],"_joinchat":[],"footnotes":""},"class_list":["post-3179","page","type-page","status-publish","hentry"],"_links":{"self":[{"href":"https:\/\/sylviapiresdarocha.fr\/index.php?rest_route=\/wp\/v2\/pages\/3179","targetHints":{"allow":["GET"]}}],"collection":[{"href":"https:\/\/sylviapiresdarocha.fr\/index.php?rest_route=\/wp\/v2\/pages"}],"about":[{"href":"https:\/\/sylviapiresdarocha.fr\/index.php?rest_route=\/wp\/v2\/types\/page"}],"author":[{"embeddable":true,"href":"https:\/\/sylviapiresdarocha.fr\/index.php?rest_route=\/wp\/v2\/users\/1"}],"replies":[{"embeddable":true,"href":"https:\/\/sylviapiresdarocha.fr\/index.php?rest_route=%2Fwp%2Fv2%2Fcomments&post=3179"}],"version-history":[{"count":9,"href":"https:\/\/sylviapiresdarocha.fr\/index.php?rest_route=\/wp\/v2\/pages\/3179\/revisions"}],"predecessor-version":[{"id":3312,"href":"https:\/\/sylviapiresdarocha.fr\/index.php?rest_route=\/wp\/v2\/pages\/3179\/revisions\/3312"}],"wp:attachment":[{"href":"https:\/\/sylviapiresdarocha.fr\/index.php?rest_route=%2Fwp%2Fv2%2Fmedia&parent=3179"}],"curies":[{"name":"wp","href":"https:\/\/api.w.org\/{rel}","templated":true}]}}