{"id":3328,"date":"2023-03-29T21:35:38","date_gmt":"2023-03-29T20:35:38","guid":{"rendered":"http:\/\/sylviepiresdarocha.fr\/WordPress\/?page_id=3328"},"modified":"2023-03-29T21:50:21","modified_gmt":"2023-03-29T20:50:21","slug":"distribution-of-fortune-cookies","status":"publish","type":"page","link":"https:\/\/sylviapiresdarocha.fr\/?page_id=3328","title":{"rendered":"Distribution of fortune cookies"},"content":{"rendered":"\n<p>Soumis \u00e0 une prise de d\u00e9cision radicale. Le spectateur devra, soit briser l&rsquo;objet pour d\u00e9couvrir et effectuer l\u2019invitation, soit garder l\u2019objet dans son enti\u00e8ret\u00e9 et conserver le myst\u00e8re et les doutes associ\u00e9s.<\/p>\n\n\n\n<p>A l&rsquo;int\u00e9rieur des \u201cinvitations\u201d r\u00e9dig\u00e9es comme des didascalies th\u00e9\u00e2trales proposent d\u2019effectuer des protocoles, des mouvements du corps, des actes sans paroles.<\/p>\n\n\n\n<p>L\u2019acte de destruction ou de conservation des \u201cfortunes cookies\u201d repr\u00e9sente la m\u00e9taphore des tiraillements v\u00e9cus durant le COVID, o\u00f9 la prise de risque face \u00e0 l&rsquo;incertitude \u00e0 fait resurgir en chacun de nous la peur de la finitude incitant replis soi et distanciation<\/p>\n\n\n\n<div class=\"wp-block-image\"><figure class=\"aligncenter size-large is-resized\"><img loading=\"lazy\" decoding=\"async\" src=\"http:\/\/sylviepiresdarocha.fr\/WordPress\/wp-content\/uploads\/2023\/03\/fortune2.jpg\" alt=\"\" class=\"wp-image-3329\" width=\"393\" height=\"388\" srcset=\"https:\/\/sylviapiresdarocha.fr\/wp-content\/uploads\/2023\/03\/fortune2.jpg 750w, https:\/\/sylviapiresdarocha.fr\/wp-content\/uploads\/2023\/03\/fortune2-300x297.jpg 300w, https:\/\/sylviapiresdarocha.fr\/wp-content\/uploads\/2023\/03\/fortune2-50x50.jpg 50w\" sizes=\"auto, (max-width: 393px) 100vw, 393px\" \/><\/figure><\/div>\n\n\n\n<p><\/p>\n\n\n\n<figure class=\"wp-block-video aligncenter\"><video controls src=\"blob:http:\/\/sylviepiresdarocha.fr\/9de082ee-90ec-4194-8883-b4bf159999d4\"><\/video><\/figure>\n","protected":false},"excerpt":{"rendered":"<p>Soumis \u00e0 une prise de d\u00e9cision radicale. Le spectateur devra, soit briser l&rsquo;objet pour d\u00e9couvrir et effectuer l\u2019invitation, soit garder l\u2019objet dans son enti\u00e8ret\u00e9 et conserver le myst\u00e8re et les doutes associ\u00e9s. A l&rsquo;int\u00e9rieur des \u201cinvitations\u201d r\u00e9dig\u00e9es comme des didascalies th\u00e9\u00e2trales proposent d\u2019effectuer des protocoles, des mouvements du corps, des actes sans paroles. L\u2019acte de &hellip; <\/p>\n","protected":false},"author":1,"featured_media":0,"parent":0,"menu_order":0,"comment_status":"closed","ping_status":"closed","template":"","meta":{"two_page_speed":[],"_joinchat":[],"footnotes":""},"class_list":["post-3328","page","type-page","status-publish","hentry"],"_links":{"self":[{"href":"https:\/\/sylviapiresdarocha.fr\/index.php?rest_route=\/wp\/v2\/pages\/3328","targetHints":{"allow":["GET"]}}],"collection":[{"href":"https:\/\/sylviapiresdarocha.fr\/index.php?rest_route=\/wp\/v2\/pages"}],"about":[{"href":"https:\/\/sylviapiresdarocha.fr\/index.php?rest_route=\/wp\/v2\/types\/page"}],"author":[{"embeddable":true,"href":"https:\/\/sylviapiresdarocha.fr\/index.php?rest_route=\/wp\/v2\/users\/1"}],"replies":[{"embeddable":true,"href":"https:\/\/sylviapiresdarocha.fr\/index.php?rest_route=%2Fwp%2Fv2%2Fcomments&post=3328"}],"version-history":[{"count":8,"href":"https:\/\/sylviapiresdarocha.fr\/index.php?rest_route=\/wp\/v2\/pages\/3328\/revisions"}],"predecessor-version":[{"id":3344,"href":"https:\/\/sylviapiresdarocha.fr\/index.php?rest_route=\/wp\/v2\/pages\/3328\/revisions\/3344"}],"wp:attachment":[{"href":"https:\/\/sylviapiresdarocha.fr\/index.php?rest_route=%2Fwp%2Fv2%2Fmedia&parent=3328"}],"curies":[{"name":"wp","href":"https:\/\/api.w.org\/{rel}","templated":true}]}}